{"id":755,"date":"2024-10-01T09:42:09","date_gmt":"2024-10-01T09:42:09","guid":{"rendered":"https:\/\/mieuxvivremarvejols.fr\/?page_id=755"},"modified":"2024-12-29T21:09:22","modified_gmt":"2024-12-29T21:09:22","slug":"mention-legales","status":"publish","type":"page","link":"https:\/\/mieuxvivremarvejols.fr\/index.php\/mention-legales\/","title":{"rendered":"Mention L\u00e9gales"},"content":{"rendered":"\t\t<div data-elementor-type=\"wp-page\" data-elementor-id=\"755\" class=\"elementor elementor-755\" data-elementor-post-type=\"page\">\n\t\t\t\t<div class=\"elementor-element elementor-element-034e37a e-flex e-con-boxed e-con e-parent\" data-id=\"034e37a\" data-element_type=\"container\" data-e-type=\"container\">\n\t\t\t\t\t<div class=\"e-con-inner\">\n\t\t\t\t<div class=\"elementor-element elementor-element-3da0170 elementor-widget elementor-widget-heading\" data-id=\"3da0170\" data-element_type=\"widget\" data-e-type=\"widget\" data-widget_type=\"heading.default\">\n\t\t\t\t<div class=\"elementor-widget-container\">\n\t\t\t\t\t<h1 class=\"elementor-heading-title elementor-size-default\">Mention L\u00e9gales<\/h1>\t\t\t\t<\/div>\n\t\t\t\t<\/div>\n\t\t\t\t\t<\/div>\n\t\t\t\t<\/div>\n\t\t<div class=\"elementor-element elementor-element-64e5c55 e-flex e-con-boxed e-con e-parent\" data-id=\"64e5c55\" data-element_type=\"container\" data-e-type=\"container\">\n\t\t\t\t\t<div class=\"e-con-inner\">\n\t\t\t\t<div class=\"elementor-element elementor-element-521b07b elementor-widget elementor-widget-text-editor\" data-id=\"521b07b\" data-element_type=\"widget\" data-e-type=\"widget\" data-widget_type=\"text-editor.default\">\n\t\t\t\t<div class=\"elementor-widget-container\">\n\t\t\t\t\t\t\t\t\t<div class=\"entry-content wp-block-post-content has-global-padding is-layout-constrained wp-container-core-post-content-is-layout-1 wp-block-post-content-is-layout-constrained\">\n<p>L\u2019ensemble de ce site rel\u00e8ve des l\u00e9gislations fran\u00e7aises et internationales sur le droit d\u2019auteur et la propri\u00e9t\u00e9 intellectuelle.<\/p>\n<p>L\u2019utilisateur reconna\u00eet avoir pris connaissance de la pr\u00e9sente notice l\u00e9gale et s\u2019engage \u00e0 la respecter.<\/p>\n<h2 class=\"wp-block-heading\">1. Propri\u00e9t\u00e9 du site<\/h2>\n<p>Le pr\u00e9sent site est la propri\u00e9t\u00e9 de l&rsquo;association \u00ab\u00a0Mieux Vivre Marvejols\u00a0\u00bb<\/p>\n<h2 class=\"wp-block-heading\">2. H\u00e9bergement du site<\/h2>\n<h3 class=\"wp-block-heading\">\u00c9diteur du site , Responsable du contenu \u00e9ditorial et Responsable du site internet<\/h3>\n<p>l&rsquo;association \u00ab\u00a0Mieux Vivre Marvejols\u00a0\u00bb<br \/>48100 Marvejols<br \/>info@mieuxvivremarvejols.fr<\/p>\n<h2 class=\"wp-block-heading\">Propri\u00e9taire du serveur<\/h2>\n<p><strong>OVH<\/strong><br \/>SAS au capital de 10\u00a0000\u00a0000\u00a0\u20ac<br \/>RCS Lille M\u00e9tropole 424\u00a0761\u00a0419\u00a000045<br \/>Code APE 6202A<br \/>N\u00b0 TVA\u00a0: FR 22\u00a0424\u00a0761\u00a0419<br \/>Si\u00e8ge social\u00a0: 2 rue Kellermann \u2013 59100 Roubaix \u2013 France.<br \/>Tel\u00a0: 0\u00a0899\u00a0498\u00a0765<br \/>1,349\u00a0\u20ac\/appel + 0,337\u00a0\u20ac\/min<\/p>\n<h2 class=\"wp-block-heading\">3. Donn\u00e9es personnelles<\/h2>\n<p>En conformit\u00e9 avec la Loi du 6 janvier 1978 relative \u00e0 l\u2019informatique, aux fichiers et aux libert\u00e9s.<\/p>\n<p>L\u2019utilisateur est notamment inform\u00e9 que, conform\u00e9ment \u00e0 l\u2019Article 32 de la Loi \u00ab\u00a0Informatique et Libert\u00e9s\u00a0\u00bb, les informations communiqu\u00e9es par l\u2019utilisateur du fait des formulaires pr\u00e9sents sur le site, sont n\u00e9cessaires pour r\u00e9pondre \u00e0 sa demande et sont destin\u00e9s \u00e0 l\u2019exploitant du site web, responsable du traitement \u00e0 des fins de gestion administrative et commerciale, les informations transmises par les utilisateurs, \u00e0 la seule expectation d\u2019une demande l\u00e9gale de la part des instances judiciaires, ne sera jamais transmise \u00e0 un tiers.<\/p>\n<p>Les utilisateurs du site web http:\/\/mieuxvivremarvejols.fr sont tenus de respecter les dispositions de la Loi \u00ab informatique et libert\u00e9s \u00bb, dont la violation est passible de sanctions p\u00e9nales.<\/p>\n<p>Ils doivent notamment s\u2019abstenir, s\u2019agissant des donn\u00e9es nominatives auxquelles ils acc\u00e8dent, de toute collecte, de toute utilisation d\u00e9tourn\u00e9e et, d\u2019une mani\u00e8re g\u00e9n\u00e9rale, de tout acte susceptible de porter atteinte \u00e0 la vie priv\u00e9e ou \u00e0 la r\u00e9putation de personnes.<\/p>\n<p>Conform\u00e9ment \u00e0 la loi \u00ab\u00a0Informatique et Libert\u00e9\u00a0\u00bb n\u00b0 78-17 du 6 janvier 1978 relative \u00e0 l\u2019informatique, aux fichiers et aux libert\u00e9s, vous disposez d\u2019un droit de modification, de rectification et de suppression des donn\u00e9es informatiques personnelles. Si vous souhaitez exercer ce droit, vous pouvez, \u00e0 tout moment nous contacter.<\/p>\n<h2 class=\"wp-block-heading\">4. Propri\u00e9t\u00e9 intellectuelle<\/h2>\n<p>Le site est soumis \u00e0 l\u2019article L.122-4 et il est la la propri\u00e9t\u00e9 exclusive de https:\/\/mieuxvivremarvejols.fr Toute reproduction ou repr\u00e9sentation totale ou partielle de ce site par quelque proc\u00e9d\u00e9 que ce soit, sans l\u2019autorisation expresse de https:\/\/mieuxvivremarvejols.fr est interdite et constituerait une contrefa\u00e7on sanctionn\u00e9e par les articles L 335-2 et suivants du Code de la propri\u00e9t\u00e9 intellectuelle.<\/p>\n<p>Les marques de https:\/\/mieuxvivremarvejols.fr et de ses partenaires, ainsi que les logos figurant sur le site sont des marques (semi-figuratives ou non) et sont d\u00e9pos\u00e9es. Toute reproduction totale ou partielle de ces marques ou de ces logos effectu\u00e9es \u00e0 partir des \u00e9l\u00e9ments du site sans l\u2019autorisation expresse de https:\/\/mieuxvivremarvejols.fr est prohib\u00e9e, au sens des articles L.713-2 et suivants du Code de la propri\u00e9t\u00e9 intellectuelle.<\/p>\n<p>Si vous souhaitez reproduire un contenu (textes, graphiques, illustrations) paru sur le site \u00a0\u00bb https:\/\/mieuxvivremarvejols.fr \u00a0\u00bb sur support papier et\/ou \u00e9lectronique (Web, intranet, CD-ROM\u2026), vous devez formuler votre demande par courrier \u00e0 \u201cAssociation Mieux Vivre Marvejols via courriel : info@mieuxvivremarvejols.fr<\/p>\n<h2 class=\"wp-block-heading\">5. Configuration informatique<\/h2>\n<p>L\u2019utilisateur du site https:\/\/mieuxvivremarvejols.fr reconna\u00eet disposer de la comp\u00e9tence et des moyens n\u00e9cessaires pour acc\u00e9der et utiliser le site.<\/p>\n<p>L\u2019utilisateur reconna\u00eet avoir v\u00e9rifi\u00e9 que la configuration informatique utilis\u00e9e ne contient aucun virus et qu\u2019elle est en parfait \u00e9tat de fonctionnement.<\/p>\n<h2 class=\"wp-block-heading\">6. Contenu du site<\/h2>\n<p>Les informations fournies par l\u2019exploitant du site web le sont \u00e0 titre indicatif. L\u2019exploitant du site ne saurait garantir l\u2019exactitude, la compl\u00e9tude, l\u2019actualit\u00e9 des informations diffus\u00e9es sur son site.<br \/>L\u2019exploitant du site ne saurait par ailleurs \u00eatre tenu pour responsable d\u2019une indisponibilit\u00e9 des informations.<\/p>\n<p>En cons\u00e9quence, l\u2019utilisateur reconna\u00eet utiliser ces informations \u00e0 titre strictement personnel et priv\u00e9 et sous sa responsabilit\u00e9 exclusive.<\/p>\n<h2 class=\"wp-block-heading\">7. Accessibilit\u00e9 du site<\/h2>\n<p>L\u2019utilisateur reconna\u00eet avoir \u00e9t\u00e9 inform\u00e9 que le site web https:\/\/mieuxvivremarvejols.fr est accessible 24h\/24, 7j\/7, \u00e0 l\u2019exception des cas de force majeure, difficult\u00e9s informatiques, difficult\u00e9s li\u00e9es \u00e0 la structure des r\u00e9seaux de t\u00e9l\u00e9communications ou difficult\u00e9s techniques. Pour des raisons de maintenance, l\u2019exploitant du site pourra interrompre son site et s\u2019efforcera d\u2019en avertir pr\u00e9alablement les utilisateurs.<\/p>\n<h2 class=\"wp-block-heading\">8. Cookies<\/h2>\n<p>L\u2019utilisateur est inform\u00e9 que, lors de ses visites sur le site, un cookie peut s\u2019installer automatiquement sur son logiciel de navigation. Le cookie est un bloc de donn\u00e9es qui ne permet pas d\u2019identifier les utilisateurs mais sert \u00e0 enregistrer des informations relatives \u00e0 la navigation de ceux-ci sur le site.<br \/>Le param\u00e9trage du logiciel de navigation permet d\u2019informer de la pr\u00e9sence de cookies et l\u2019utilisateur dispose du droit de s\u2019opposer \u00e0 l\u2019enregistrement de cookies.<\/p>\n<p>L\u2019utilisateur est cependant inform\u00e9 que s\u2019il refuse les cookies, certains services pourront lui \u00eatre inaccessibles.<\/p>\n<p>Si vous souhaitez exercer ce droit, vous pouvez suivre les instructions accessibles en ligne \u00e0 l\u2019adresse\u00a0: https:\/\/www.cnil.fr\/fr\/comprendre-vos-droits<\/p>\n<p>Les donn\u00e9es collect\u00e9es gr\u00e2ce aux cookies ne sont pas conserv\u00e9es.<\/p>\n<p>Il existe deux types de cookies\u00a0:<\/p>\n<ul class=\"wp-block-list\">\n<li>les cookies de session sont supprim\u00e9s de votre ordinateur lorsque vous fermez votre navigateur.<\/li>\n<li>\u00a0les cookies permanents restent stock\u00e9s sur votre ordinateur apr\u00e8s la fermeture du navigateur.<\/li>\n<\/ul>\n<p>Les cookies sont cependant anonymes et ne sont en aucun cas utilis\u00e9s pour collecter des informations personnelles.<\/p>\n<p>https:\/\/mieuxvivremarvejols.fr utilise des cookies pour permettre et faciliter la communication par voie \u00e9lectronique, fournir les services en ligne souscrits par ses abonn\u00e9s, analyser l\u2019utilisation du site dans l\u2019objectif d\u2019am\u00e9liorer la qualit\u00e9 de ses sites, collecter des donn\u00e9es g\u00e9n\u00e9rales (non nominatives) sur ses clients \u00e0 des fins de communication cibl\u00e9e, y compris la fourniture d\u2019informations cibl\u00e9es sur les produits ou services fournis par https:\/\/mieuxvivremarvejols.fr.<\/p>\n<h3 class=\"wp-block-heading\">8.1. Refus des cookies<\/h3>\n<p>Vous \u00eates libre d\u2019accepter ou de refuser les cookies en configurant votre navigateur (d\u00e9sactivation de tout ou partie des cookies \u2013 voir manuel de votre navigateur Web ou fonction d\u2019aide).<br \/>La d\u00e9sactivation des cookies peut entra\u00eener l\u2019indisponibilit\u00e9 de certains services auxquels ils sont associ\u00e9s. Elle n\u2019emp\u00eache pas l\u2019acc\u00e8s aux espaces non-r\u00e9serv\u00e9s du site.<br \/>Par ailleurs, nous gardons trace des connexions \u00e0 nos sites, et notamment de leur origine. Cette utilisation est faite \u00e0 des fins d\u2019analyses statistiques. Les donn\u00e9es correspondantes ne comportent pas de donn\u00e9es personnelles, et sont d\u00e9truites apr\u00e8s usage.<\/p>\n<h2 class=\"wp-block-heading\">9. Liens hypertextes<\/h2>\n<p>Les liens hypertextes pr\u00e9sents sur le site et qui renvoient vers d\u2019autres sites internet, notamment vers les sites partenaires, ont fait l\u2019objet d\u2019une autorisation pr\u00e9alable, expresse et \u00e9crite.<br \/>Si vous souhaitez mettre en place un hyperlien entre leur(s) site(s) et le site https:\/\/mieuxvivremarvejols.fr vous en avez l\u2019autorisation sans demande expresse, n\u00e9anmoins le site https:\/\/mieuxvivremarvejols.fr ne saurait en aucun cas \u00eatre tenu pour responsable directement ou indirectement du contenu de ces sites.<\/p>\n<h2 class=\"wp-block-heading\">10. Sections commentaires<\/h2>\n<p>Le directeur de la publication du site n\u2019est pas responsable des commentaires publi\u00e9s sur https:\/\/mieuxvivremarvejols.fr si il est \u00e9tabli qu\u2019il n\u2019avait pas connaissance du message avant sa mise en ligne.<\/p>\n<p>Le directeur de la publication s\u2019engage \u00e0 agir promptement pour retirer tout message qu\u2019il jugera inadapt\u00e9 ou pouvant porter atteinte \u00e0 autrui d\u00e8s connaissance du dit message.<\/p>\n<\/div>\t\t\t\t\t\t\t\t<\/div>\n\t\t\t\t<\/div>\n\t\t\t\t\t<\/div>\n\t\t\t\t<\/div>\n\t\t<div class=\"elementor-element elementor-element-0da4827 e-flex e-con-boxed e-con e-parent\" data-id=\"0da4827\" data-element_type=\"container\" data-e-type=\"container\">\n\t\t\t\t\t<div class=\"e-con-inner\">\n\t\t\t\t<div class=\"elementor-element elementor-element-9941eb9 elementor-widget-divider--view-line_icon elementor-view-default elementor-widget-divider--element-align-center elementor-widget elementor-widget-divider\" data-id=\"9941eb9\" data-element_type=\"widget\" data-e-type=\"widget\" data-widget_type=\"divider.default\">\n\t\t\t\t<div class=\"elementor-widget-container\">\n\t\t\t\t\t\t\t<div class=\"elementor-divider\">\n\t\t\t<span class=\"elementor-divider-separator\">\n\t\t\t\t\t\t\t<div class=\"elementor-icon elementor-divider__element\">\n\t\t\t\t\t<svg aria-hidden=\"true\" class=\"e-font-icon-svg e-fas-scroll\" viewBox=\"0 0 640 512\" xmlns=\"http:\/\/www.w3.org\/2000\/svg\"><path d=\"M48 0C21.53 0 0 21.53 0 48v64c0 8.84 7.16 16 16 16h80V48C96 21.53 74.47 0 48 0zm208 412.57V352h288V96c0-52.94-43.06-96-96-96H111.59C121.74 13.41 128 29.92 128 48v368c0 38.87 34.65 69.65 74.75 63.12C234.22 474 256 444.46 256 412.57zM288 384v32c0 52.93-43.06 96-96 96h336c61.86 0 112-50.14 112-112 0-8.84-7.16-16-16-16H288z\"><\/path><\/svg><\/div>\n\t\t\t\t\t\t<\/span>\n\t\t<\/div>\n\t\t\t\t\t\t<\/div>\n\t\t\t\t<\/div>\n\t\t\t\t\t<\/div>\n\t\t\t\t<\/div>\n\t\t\t\t<\/div>\n\t\t","protected":false},"excerpt":{"rendered":"<p>Mention L\u00e9gales L\u2019ensemble de ce site rel\u00e8ve des l\u00e9gislations fran\u00e7aises et internationales sur le droit d\u2019auteur et la propri\u00e9t\u00e9 intellectuelle. L\u2019utilisateur reconna\u00eet avoir pris connaissance de la pr\u00e9sente notice l\u00e9gale et s\u2019engage \u00e0 la respecter. 1. Propri\u00e9t\u00e9 du site Le pr\u00e9sent site est la propri\u00e9t\u00e9 de l&rsquo;association \u00ab\u00a0Mieux Vivre Marvejols\u00a0\u00bb 2. H\u00e9bergement du site \u00c9diteur [&hellip;]<\/p>\n","protected":false},"author":1,"featured_media":0,"parent":0,"menu_order":0,"comment_status":"closed","ping_status":"closed","template":"","meta":{"ocean_post_layout":"full-width","ocean_both_sidebars_style":"","ocean_both_sidebars_content_width":0,"ocean_both_sidebars_sidebars_width":0,"ocean_sidebar":"","ocean_second_sidebar":"","ocean_disable_margins":"enable","ocean_add_body_class":"","ocean_shortcode_before_top_bar":"","ocean_shortcode_after_top_bar":"","ocean_shortcode_before_header":"","ocean_shortcode_after_header":"","ocean_has_shortcode":"","ocean_shortcode_after_title":"","ocean_shortcode_before_footer_widgets":"","ocean_shortcode_after_footer_widgets":"","ocean_shortcode_before_footer_bottom":"","ocean_shortcode_after_footer_bottom":"","ocean_display_top_bar":"off","ocean_display_header":"on","ocean_header_style":"","ocean_center_header_left_menu":"","ocean_custom_header_template":"","ocean_custom_logo":0,"ocean_custom_retina_logo":0,"ocean_custom_logo_max_width":0,"ocean_custom_logo_tablet_max_width":0,"ocean_custom_logo_mobile_max_width":0,"ocean_custom_logo_max_height":0,"ocean_custom_logo_tablet_max_height":0,"ocean_custom_logo_mobile_max_height":0,"ocean_header_custom_menu":"","ocean_menu_typo_font_family":"","ocean_menu_typo_font_subset":"","ocean_menu_typo_font_size":0,"ocean_menu_typo_font_size_tablet":0,"ocean_menu_typo_font_size_mobile":0,"ocean_menu_typo_font_size_unit":"px","ocean_menu_typo_font_weight":"","ocean_menu_typo_font_weight_tablet":"","ocean_menu_typo_font_weight_mobile":"","ocean_menu_typo_transform":"","ocean_menu_typo_transform_tablet":"","ocean_menu_typo_transform_mobile":"","ocean_menu_typo_line_height":0,"ocean_menu_typo_line_height_tablet":0,"ocean_menu_typo_line_height_mobile":0,"ocean_menu_typo_line_height_unit":"","ocean_menu_typo_spacing":0,"ocean_menu_typo_spacing_tablet":0,"ocean_menu_typo_spacing_mobile":0,"ocean_menu_typo_spacing_unit":"","ocean_menu_link_color":"","ocean_menu_link_color_hover":"","ocean_menu_link_color_active":"","ocean_menu_link_background":"","ocean_menu_link_hover_background":"","ocean_menu_link_active_background":"","ocean_menu_social_links_bg":"","ocean_menu_social_hover_links_bg":"","ocean_menu_social_links_color":"","ocean_menu_social_hover_links_color":"","ocean_disable_title":"on","ocean_disable_heading":"default","ocean_post_title":"","ocean_post_subheading":"","ocean_post_title_style":"","ocean_post_title_background_color":"","ocean_post_title_background":0,"ocean_post_title_bg_image_position":"","ocean_post_title_bg_image_attachment":"","ocean_post_title_bg_image_repeat":"","ocean_post_title_bg_image_size":"","ocean_post_title_height":0,"ocean_post_title_bg_overlay":0.5,"ocean_post_title_bg_overlay_color":"","ocean_disable_breadcrumbs":"off","ocean_breadcrumbs_color":"","ocean_breadcrumbs_separator_color":"","ocean_breadcrumbs_links_color":"","ocean_breadcrumbs_links_hover_color":"","ocean_display_footer_widgets":"off","ocean_display_footer_bottom":"off","ocean_custom_footer_template":"193","omw_enable_modal_window":"enable","ofc_meta_disable_footer_callout":"enable","ofc_meta_callout_button_url":"","ofc_meta_callout_button_txt":"","ofc_meta_callout_text":"","ofc_enable_fullscreen":"disable","ofc_fullscreen_speed":0,"ofc_fullscreen_nav":"enable","ofc_fullscreen_nav_pos":"right","ofc_fullscreen_nav_color":"","ofc_fullscreen_nav_tooltip_color":"","ofc_fullscreen_responsive":0,"osp_disable_panel":"off","osh_disable_topbar_sticky":"off","osh_disable_header_sticky":"off","osh_sticky_header_style":"default","osh_sticky_header_effect":"","osh_custom_sticky_logo":0,"osh_custom_retina_sticky_logo":0,"osh_custom_sticky_logo_height":0,"osh_background_color":"","osh_links_color":"","osh_links_hover_color":"","osh_links_active_color":"","osh_links_bg_color":"","osh_links_hover_bg_color":"","osh_links_active_bg_color":"","osh_menu_social_links_color":"","osh_menu_social_hover_links_color":"","footnotes":""},"class_list":["post-755","page","type-page","status-publish","hentry","entry"],"_links":{"self":[{"href":"https:\/\/mieuxvivremarvejols.fr\/index.php\/wp-json\/wp\/v2\/pages\/755"}],"collection":[{"href":"https:\/\/mieuxvivremarvejols.fr\/index.php\/wp-json\/wp\/v2\/pages"}],"about":[{"href":"https:\/\/mieuxvivremarvejols.fr\/index.php\/wp-json\/wp\/v2\/types\/page"}],"author":[{"embeddable":true,"href":"https:\/\/mieuxvivremarvejols.fr\/index.php\/wp-json\/wp\/v2\/users\/1"}],"replies":[{"embeddable":true,"href":"https:\/\/mieuxvivremarvejols.fr\/index.php\/wp-json\/wp\/v2\/comments?post=755"}],"version-history":[{"count":14,"href":"https:\/\/mieuxvivremarvejols.fr\/index.php\/wp-json\/wp\/v2\/pages\/755\/revisions"}],"predecessor-version":[{"id":1526,"href":"https:\/\/mieuxvivremarvejols.fr\/index.php\/wp-json\/wp\/v2\/pages\/755\/revisions\/1526"}],"wp:attachment":[{"href":"https:\/\/mieuxvivremarvejols.fr\/index.php\/wp-json\/wp\/v2\/media?parent=755"}],"curies":[{"name":"wp","href":"https:\/\/api.w.org\/{rel}","templated":true}]}}